u + 11 - 3*u. Let j(w) = -4*g(w) + 9*s(w). Let q = -8 + 12. Determine j(q).
7
Let w(u) = 2*u**2 - 2*u + 2 - 3*u**2 + 1. Suppose -256*k + 249*k - 28 = 0. Determine w(k).
-5
Let a(t) = 4*t**2 - 1 - 7*t - 6*t**2 + 3*t + 3*t**2. Calculate a(3).
-4
Let s(h) = -h - 5. Let u be s(-8). Let v(z) = -11*z + u*z - z. Let g(n) = -n**2 + n + 1. Let y be g(0). Determine v(y).
-9
Let t = 7 - 4. Let w(f) = 7*f**2 - 4*f - t*f**2 - 6 + 12 + f**3. Let u be (-2)/(-3) - 34/6. Give w(u).
1
Let o(s) = -7*s**3 + s**2 + s + 6. Let u(z) = 12*z**3 - 2*z**2 - 2*z - 11. Let h(t) = 7*o(t) + 4*u(t). Give h(-3).
19
Let n(c) = -3*c - 6. Let i(s) = -s. Let p(d) = -5*i(d) + n(d). Suppose -5*r + 8 = -2. Suppose 0 = x + 4*w - 8, -2*x + 14 = x + r*w. What is p(x)?
2
Let s(u) be the third derivative of -u**5/60 + u**4/24 + 2*u**3/3 - u**2. Let o = -82 - -85. What is s(o)?
-2
Let s(g) be the first derivative of -g**6/360 - g**5/24 - g**4/8 + g**3/3 - 2. Let y(n) be the third derivative of s(n). Let p = -9 - -6. Calculate y(p).
3
Suppose 3*f = -0*f + 12. Suppose 4*g = f + 4. Let m(x) = -2 - 2*x + 3*x + 3 + g. Determine m(-4).
-1
Suppose 5*a - 79 - 1 = 0. Suppose -3*d + 7*d = a. Let s(n) = n + 4*n**2 - 2 - n**3 - 3 + 1. What is s(d)?
0
Let z(b) = -11*b**2 - 3*b + 4. Let m(i) = 9*i**2 + 3*i - 2. Let n(l) = -6*m(l) - 5*z(l). Let h = 18 + -12. Determine n(h).
10
Suppose q = 4 - 1. Let a(c) = 1 + 2*c**2 - c**3 - 2*c**2 - 4*c + 4*c**2. What is a(q)?
-2
Let i be 9 - (1/1 - 2). Let f be (-16)/i*15/(-6). Let l(z) = -f - z**2 - 2*z + 0*z**2 - z. Give l(-4).
-8
Suppose -2 + 18 = 4*k. Let l(n) = 0*n - 1 - k*n - 2*n. What is l(1)?
-7
Let q(n) = -5*n**3 + n**2 - 6*n + 2. Let s(r) = 6*r**3 - r**2 + 7*r - 2. Let b(d) = -7*q(d) - 6*s(d). Suppose -2*c = -5*c + 12, -3*z + 6 = 3*c. What is b(z)?
2
Let d(j) = j**2 + 6*j + 7. Suppose -6 = 2*c - c. Determine d(c).
7
Let h(f) be the third derivative of -f**5/60 + 5*f**4/24 + 7*f**3/6 + 7*f**2. Determine h(5).
7
Let n(s) = -4*s + 6. Let h(t) = -3*t + 4. Let c(j) = -7*h(j) + 5*n(j). What is c(-5)?
-3
Let y = -4 - -5. Let j(u) = 13*u - 1. What is j(y)?
12
Let n(a) be the first derivative of -a**4/4 + a**3/3 - a**2/2 - 9*a + 4. Let q(p) = -2*p**3 + 3*p**2 - 2*p - 19. Let b(t) = 5*n(t) - 2*q(t). Give b(0).
-7
Suppose 0*v = -2*v. Suppose m = -3*u - 18, 4*u + m + 23 = -v*m. Let s(q) be the second derivative of -q**3/6 - 5*q**2/2 + 4*q. Determine s(u).
0
Suppose -5*y = 115 - 90. Let d(c) = -4*c**3 - 8*c**2 - 4*c - 5. Let t(h) = -h**3 - h**2 - h. Let w(s) = -d(s) + 3*t(s). What is w(y)?
0
Let n(t) = 3*t - t**2 - 11*t + 0*t**2 - 7 - 2. Calculate n(-6).
3
Suppose 2*x = -2*x - 24. Let o(k) = -2*k - 3. What is o(x)?
9
Let u(m) = -12 - 2*m + 1 + 2*m - m. Let c be u(-15). Let n(z) = z**3 - 3*z**2 - 4*z + 3. What is n(c)?
3
Let c(q) = -2*q**2 - 3*q + 4. Let y be c(-3). Let i(x) = 5*x**3 + 10*x**2 + 8*x. Let z(b) = 6*b**3 + 11*b**2 + 9*b. Let l(o) = 5*i(o) - 4*z(o). Determine l(y).
5
Let z(c) = -2*c**2 + 3*c + 4. Suppose -8*w + 3*w = -15. What is z(w)?
-5
Let o(s) = -s**3 - s**2 + s + 1. Let v(g) = -3*g**3 - 8*g**2 + 7*g + 5. Let k(t) = -5*o(t) + v(t). Give k(2).
8
Let s(i) be the first derivative of -i**4/4 - 8*i**3/3 + 7*i**2/2 - 11*i + 7. What is s(-9)?
7
Let v(g) be the first derivative of -g**2/2 - 4*g - 1. Suppose -h - 25 = -6*h. Let z = 5 - h. Calculate v(z).
-4
Let j(c) = 5*c - 6. Let u(n) = n**3 + 17*n**2 - 18*n + 4. Let t be u(-18). Calculate j(t).
14
Let g = 6 - 3. Let z(n) be the first derivative of -n**5/30 + n**4/6 - 4*n**3/3 - 3. Let t(i) be the third derivative of z(i). Calculate t(g).
-8
Suppose -g + 6 = g. Let l(z) = 3*z**2. Let t be l(1). Let q(b) = 6*b**g - 1 + 2*b + 3 - t. What is q(1)?
7
Let i(c) = c**3 - c**2 - 5*c - c**2 + c**2 + 3 + 2*c. Determine i(2).
1
Let w(y) = 3*y - 3 - 2*y - 6*y + 7*y. Give w(4).
5
Let z(m) = 2 - m + m**2 - m + 4*m**2 - 3*m**2. Give z(2).
6
Let c(i) be the second derivative of i**3/6 - 2*i**2 - 227*i. Suppose 2 = l - 4. Suppose 0 = -4*b + 6*b + 3*q - l, 0 = 3*q. What is c(b)?
-1
Let z(u) be the first derivative of 2*u**2 + 4*u - 2. Calculate z(-3).
-8
Let r(u) = -9*u**2 + 1. Let s be r(1). Let h = 2 + s. Let n(i) = 2*i**2 + 21*i - 8. Let t(b) = -b**2 - 11*b + 4. Let a(o) = 6*n(o) + 11*t(o). Calculate a(h).
2
Let g(l) be the first derivative of -l**5/20 - 7*l**4/12 - l**3 - 5*l**2/2 - 3*l - 2. Let m(p) be the first derivative of g(p). Calculate m(-6).
-5
Let x(n) = 8*n + 3. Suppose 2*c = 2*r + 8, -3*c = 4*r - 2*r - 12. Let y(v) = -c*v - 4*v + 4*v + 5*v. Let s(k) = x(k) - 4*y(k). What is s(-2)?
-5
Let m(c) = 4*c**2 + 2*c. Suppose -2*v + 18 = -4*n, -3 = -v - 4*n + 3*n. Suppose v*o + d = -80, 3*d + 14 + 1 = 0. Let i be (-3)/o - (-11)/(-5). Give m(i).
12
Let s(k) = -7*k**2 - 9*k - 2. Let j(m) = -m**2 - 2 + 2 - m. Let v(t) = 6*j(t) - s(t). Let q = -4 - 0. Give v(q).
6
Let j(w) = 3*w**3 - 7*w**2 + 4*w - 5. Let d(q) = q**3 - 2*q**2 + q - 2. Let b(k) = 17*d(k) - 6*j(k). Give b(7).
-4
Suppose -4 = 7*b - 3*b. Let t(j) = 3*j**2 + 3*j + 2. Let i(n) = 3*n**2 + 2*n + 1. Let g be 12/(-18)*(-1 + 4). Let w(m) = g*t(m) + 3*i(m). Give w(b).
2
Let h(y) = -1 - 2*y**2 + 5*y**2 + 4*y**3 + 0*y**2 - 5*y**3. Let u be h(2). Let n(d) = d**2 - 4. Calculate n(u).
5
Let w = 9 + -7. Let q(v) = 0 + 4*v**2 - 9 + 2 - w*v - 3*v**2. Give q(5).
8
Let v(i) = -6*i. Let l = 29 + -30. What is v(l)?
6
Let s(b) be the third derivative of -b**6/120 + b**5/12 - b**4/12 - 5*b**3/6 + 20*b**2. Determine s(4).
3
Suppose 2*n + 20 = -3*n. Let o = n + 10. Let l(h) = -o*h - h**3 - 3 - 6*h**2 + h**2 + 3. Determine l(-4).
8
Let j(r) = -r**3 + 7*r**2 - r + 8. Let s be j(7). Let t(p) be the first derivative of 1/2*p**2 + 2 - p - 4*p**3. Give t(s).
-12
Let n(o) = 8*o**2 + 1. Let r(b) = b**3 - 4*b**2 + 5*b - 7. Let f be r(3). Determine n(f).
9
Suppose -22 + 26 = -4*d. Let v(y) = 5*y. Give v(d).
-5
Let k(b) be the first derivative of b**3/3 - 3*b**2 + 6*b + 4. What is k(4)?
-2
Let w(t) be the third derivative of -t**6/120 + t**5/15 - t**4/24 - 2*t**3/3 + 7*t**2. Calculate w(4).
-8
Suppose 0 = -18*x + 6*x + 36. Let i(m) = -m - 4. Give i(x).
-7
Let x be (-34)/10 + (-2)/(-5). Let p(g) = g**3 + 2*g**2 - 3*g - 3. What is p(x)?
-3
Let c(x) be the first derivative of -x**4/4 + 5*x**3/3 - 2*x**2 - 3*x - 3. Suppose -4*i + 11 = -5. Calculate c(i).
-3
Let v = -23 - -22. Let u(f) = 5*f**3 - f**2. Give u(v).
-6
Let u(j) = 1 - 2*j + 3 + 3*j. Let h = 153 + -156. Determine u(h).
1
Suppose -2*o + 5*s + 6 = -1, 0 = 3*o - 4*s - 14. Let j(i) = -1 - i + 6 - o. Suppose -2*q = -4*q - 6. Determine j(q).
2
Let a(g) = -3*g**3 + 19*g**2 + 3*g - 6. Let i(m) = -2*m**3 + 13*m**2 + 2*m - 4. Let z(t) = -5*a(t) + 7*i(t). What is z(3)?
-10
Let z be (-6)/9 + (-11)/(-3). Suppose -5*l + 1 = -z*d - 0*l, 5*d - 23 = -4*l. Let x(h) = 38*h - h**3 + 3 + 36*h + h**2 - 71*h. Determine x(d).
-6
Let t(i) = 5*i - 2 + 6 + 1 - 1 - 3. Let j = -3 - -2. Give t(j).
-4
Let r(g) = -5*g**3 + 12*g**2 - 4*g + 1. Let p(i) = -6*i**3 + 13*i**2 - 5*i + 1. Let l(y) = 6*p(y) - 7*r(y). Give l(-6).
11
Let f = 18 + -10. Let l(g) = -9*g - 3. Let h(j) = -14*j - 5. Let q(o) = f*l(o) - 5*h(o). Suppose -d + 20 = 3*d. What is q(d)?
-9
Let i(m) = -2*m**3 - m**2 - m. Let s be i(-1). Let g(q) = 6*q + 0 - s + q**2 - 4. Calculate g(-6).
-6
Suppose 4*s - 2*r = r + 9, 3*s - 2*r = 7. Let l(v) = 3*v**3 - 15*v + 2. Let p(a) = -a**3 + a**2 + 3*a. Let i(c) = -l(c) - 4*p(c). Give i(s).
-2
Suppose 10*f - 13*f - 12 = 0. Let z(o) = o - 4. Determine z(f).
-8
Let f(l) = -5 + 13*l - 6*l + l**2 - 2*l**2 + 0*l**2. Calculate f(4).
7
Let r(i) = i**2 - 7*i + 8. Let q be r(6). Let b(z) = 6*z**2 - 4*z**q - 3*z**2 - 2*z. Let w(n) = n**2 + 9*n + 5. Let h be w(-8). What is b(h)?
-3
Let j(f) = f + 0 - 4 - 1 + 2. Determine j(-5).
-8
Let s(q) = q**2 + q. Let b(t) = -t**2 - 17*t + 19. Let p be b(-18). Let g(r) = 2*r**2 + 4*r - 2. Let u(w) = p*g(w) - 3*s(w). Calculate u(0).
-2
Let v(t) = t**2 - 2*t + 2. Suppose 6 + 12 = 6*q. What is v(q)?
5
Let q = -1 - -6. Let a(i) = 25*i + 0 + i**2 - 30*i + 1. Give a(q).
1
Let d(a) = 2*a**2 - 3*a**2 + 2*a**2 - 7*a + 2. Let x be d(6). Let o(t) = -6*t**2 - 9*t - 2. Let l(j) = -j**2 - j - 1. Let w(k) = 5*l(k) - o(k). Calculate w(x).
-3
Let s be -4 - (-5 + 2) - 4. Let w(x) = x**2 + 5*x + 4. Let g be w(s). Let v(y) = -3*y - 1. Let t(m) = m + 1. Let c(p) = 5*